**2 + f + 501. Let q be g(0). Is 30 a factor of q/6 - (-1)/(-2)?
False
Suppose 14 = 4*j - 2*h, 3*j - 4*h = 17 - 4. Suppose j*m - 3 - 60 = 0. Suppose -y + m = 2*y. Does 3 divide y?
False
Is ((-114)/(-9))/((-1)/(-3)) a multiple of 10?
False
Let b = -16 - -22. Let x = b - 4. Suppose 0 = -2*w + 2, 2*s - 3*s - x*w + 12 = 0. Does 9 divide s?
False
Let j be ((-30)/4)/(1/(-2)). Does 4 divide 1*(j + -4 + 2)?
False
Is 14 a factor of 25 + (3 + 1 - 1)?
True
Suppose -5*s - 133 = -3*f - 9*s, 0 = -f - s + 46. Is 17 a factor of f?
True
Let p(n) = -n**2 - 4*n - 2. Let g be p(-2). Suppose 0 = 2*j + g*j + 328. Let k = 116 + j. Does 14 divide k?
False
Suppose 2 + 1 = m. Suppose m*f - 11 = -5. Is f a multiple of 2?
True
Does 32 divide (-506)/(-8) + (-39)/(-52)?
True
Suppose 0*o = o + 1. Let t be o + 208 + (2 - 1). Suppose -205 = -5*v - 3*n + 8*n, -5*v + t = -2*n. Is v a multiple of 16?
False
Let d(l) = l - 13. Let i be d(7). Let g = 13 + i. Is g a multiple of 2?
False
Suppose -5*y = -10*y + 90. Does 13 divide 896/y + 2/9?
False
Suppose 0 = m + 49 + 14. Let a = 114 + m. Is 17 a factor of a?
True
Let l(p) = 7*p**2 + 58*p + 12. Is 39 a factor of l(-12)?
False
Let s(u) = -u**3 - 9*u**2 - u + 13. Is 6 a factor of s(-9)?
False
Let a be (-3 - -1)/(2/(-4)). Does 17 divide (-70 + 8/a)/(-1)?
True
Let p(m) = 29*m - 3. Let a be p(4). Let x = 175 - a. Does 12 divide x?
False
Suppose 18*b - 15*b + 18 = 0. Let c = 0 - b. Does 6 divide c?
True
Let g(m) = 9*m**3 + 2*m**2 + 5. Let o(a) = a**3 + 1. Let h(z) = -g(z) + 6*o(z). Let j be h(-1). Is 15 a factor of j/4*43*2?
False
Let x be 1/2*2*4. Suppose m - 379 - 32 = -3*v, 2*v - x*m = 260. Suppose 0 = -4*i + v + 8. Does 14 divide i?
False
Suppose 92 = -2*a + 2*v + 524, -a + 218 = -3*v. Is 66 a factor of a?
False
Suppose -1 = -3*k + 5. Let p = k + 4. Let o = p + 13. Does 16 divide o?
False
Suppose 0 = 3*h - 5*h + 322. Is h a multiple of 11?
False
Let n be 2/(-5) + (-214)/(-10). Suppose -4*i + 1 - n = 0. Let u(p) = -p**2 - 6*p + 7. Is 11 a factor of u(i)?
False
Suppose 0 = 5*b + 3*o + 44, -5*b - 26 = -3*o - 0*o. Let p = 15 + b. Does 8 divide p?
True
Suppose 2*v + 2*v - 12 = 0. Suppose -v*z - 17 = -56. Let m = 35 - z. Does 11 divide m?
True
Suppose 25 = n - 4*y, -2*n = -y + 3*y. Is 2 a factor of n?
False
Let t = 4 + 11. Is 3 a factor of t?
True
Suppose 0*g = 4*g - b - 18, 0 = -3*g - 2*b + 19. Suppose 0 = g*z - 10*z + 190. Is z a multiple of 19?
True
Let o(a) = -11*a. Let u be o(-7). Suppose -g = r - 30, 3*r = -g + u + 15. Is r a multiple of 13?
False
Let y = 8 + -6. Let a be 0 + (-4 - y - 2). Let q = a - -11. Does 2 divide q?
False
Suppose 23 = 5*f - 0*x - 3*x, 3*f - 14 = 2*x. Suppose 4*v - 47 = -5*b, 3*v - 2*b - f - 60 = 0. Does 9 divide v?
True
Let h(n) = -33*n**3 - n**2 + 2*n + 2. Is h(-1) a multiple of 21?
False
Let s(r) be the second derivative of -37*r**5/20 - r**4/12 + r**3/3 - r**2/2 + 4*r. Let n be s(1). Let x = n + 79. Does 14 divide x?
True
Let n = 4 + -3. Let c be 2/(1 - (-1 + n)). Suppose -5*y + 2*o - 5*o = -90, 4*y = -c*o + 70. Does 15 divide y?
True
Let i = 0 - 1. Let q(v) = v**3 - 4*v**2 - 5*v - 2. Let o be q(5). Is (-1)/((0 - i)/o) a multiple of 2?
True
Suppose -23*g = -24*g + 75. Is 23 a factor of g?
False
Let o(u) = 5*u**2 + 14*u + 31. Let l(i) = i**2 + 3*i + 6. Let d be -3 + 1 + 1 + -1. Let h(w) = d*o(w) + 11*l(w). Is h(-6) a multiple of 10?
True
Let l = 8 - 4. Suppose -l*r - 6 = 42. Does 2 divide 11/4 + (-3)/r?
False
Let t(u) = 7*u**3 - 14*u**2 + 5*u - 5. Let x(i) = -10*i**3 + 21*i**2 - 8*i + 8. Let f be 10*(2 + (-9)/6). Let m(n) = f*x(n) + 7*t(n). Does 8 divide m(6)?
False
Suppose -2*i + 0*i + 6 = 0. Suppose 0 = -5*o + o. Let x = o + i. Is 3 a factor of x?
True
Suppose 14*p + 894 = 20*p. Is 7 a factor of p?
False
Suppose 5*v + 4*c = 31, 4*v - 2 = -3*c + 22. Suppose -81 + 3 = -v*h. Is h a multiple of 6?
False
Let j = -56 + 97. Is 16 a factor of j?
False
Let m = 44 - -5. Does 12 divide m?
False
Suppose 0 = -k - 22 + 64. Is 14 a factor of k?
True
Let r(d) = -d. Let t be r(0). Let s(n) = t - 3 - 4 - 4*n. Is s(-7) a multiple of 14?
False
Let t(x) = x**3 + 7*x**2 - 11*x - 12. Let s be t(-8). Does 8 divide ((-36)/(-15))/(s/40)?
True
Let p be 2/(-5) + (-126)/(-15). Is (-6)/p*(-6 + -6) a multiple of 6?
False
Let w be (67/4)/((-2)/(-8)). Suppose 5*c = w + 13. Is c a multiple of 16?
True
Let h(m) = 5*m**2 - 1. Is 14 a factor of h(-3)?
False
Let m be 4/(8/(-116)*-1). Suppose 3*n + x = 3*x + 119, 2*n + 4*x - m = 0. Is n a multiple of 7?
False
Let g(b) = -11*b + 2. Suppose -4*i + 2*i = 0. Let z = i - 2. Does 12 divide g(z)?
True
Let t be ((-90)/27)/((-4)/6). Let v(c) = 4 - 5*c + 4*c + 5. Is v(t) a multiple of 4?
True
Suppose -t + 4 - 1 = 0. Is -3 + t + (-16)/(-2) a multiple of 3?
False
Let p(g) be the first derivative of g**4/2 - 4*g**3/3 + g**2/2 + 2*g + 3. Is p(2) a multiple of 2?
True
Let s(l) be the first derivative of -l**4/4 + 2*l**3 + 9*l**2/2 + 4*l - 3. Is s(7) a multiple of 12?
False
Let u be (5/(-10))/(1/20). Let x = 17 + u. Is x a multiple of 3?
False
Is 28 a factor of (122/6 + -1)/(72/324)?
False
Let c = 34 - 20. Let j = 32 + c. Is 23 a factor of j?
True
Let b(v) = 3*v**3 - 10*v**2 + 4*v - 8. Is b(4) a multiple of 5?
True
Does 5 divide -1 + 63 + 6 + -9?
False
Let y(r) = 12*r. Let k(z) = 13*z. Let t(x) = -2*k(x) + 3*y(x). Let l be -1 + 3 - -1*1. Does 14 divide t(l)?
False
Suppose 3*z + 0*n - 60 = n, -20 = -z - 4*n. Is 10 a factor of z?
True
Let s be 2/3 + 14/(-3). Let k(b) = -b**2 - 2*b + 2. Let i be k(s). Let p = i - -11. Is p a multiple of 2?
False
Suppose 2*u + 3*u - 2*x - 185 = 0, -5*u - 5*x = -150. Is u a multiple of 9?
False
Suppose 2*g - 55 = -17. Let l = -5 + g. Is 5 a factor of l?
False
Suppose 0 = 4*w + 4 - 8, -5*w = -3*m + 289. Is 19 a factor of m?
False
Let y(c) = c - 10. Let p be y(8). Let o = -4 - p. Let i = o + 7. Is i a multiple of 4?
False
Suppose 3*f = 32 + 1. Suppose -3*r + 34 = -2*r. Suppose -r = -v - f. Does 14 divide v?
False
Let a = -53 + 99. Does 23 divide a?
True
Suppose 2 - 10 = -4*w. Let p be (-2 - -2)*(-1)/w. Suppose p = r - 2*r + 10. Does 5 divide r?
True
Let d(r) = 2*r - 12. Let m be d(8). Suppose m*s + 11 = c, 2*c - s = 5 + 3. Suppose -13 = -c*n - 4. Does 2 divide n?
False
Let y be ((-5)/4)/((-4)/128). Let r = -28 + y. Is r a multiple of 12?
True
Suppose 49 + 47 = -2*p. Let a = -73 - 0. Let u = p - a. Is u a multiple of 19?
False
Suppose 2*b - 3 = o, 2*o = 6*o - 5*b. Let t = 7 + o. Is 6 a factor of t?
True
Let z(f) = -f**2 - 7*f + 10. Let o be ((-20)/(-6))/(4/6). Suppose 17 = -o*d - 18. Is z(d) a multiple of 10?
True
Let u(n) = n**3 + 5*n**2 - 6*n - 3. Let l be u(-6). Let z(g) = -10*g + 1. Does 7 divide z(l)?
False
Let i = -32 + 72. Let g be i/12*117/2. Suppose 0 = 5*u + m - g, 115 = 3*u + m - 0*m. Is 12 a factor of u?
False
Suppose h = 4*h + 5*b - 43, h = -2*b + 16. Suppose 0 = h*m - 3*m + 84. Let z = m - -47. Does 16 divide z?
False
Suppose 104 = 69*c - 65*c. Is c a multiple of 8?
False
Let i = -8 + 14. Does 7 divide 116/i - 1/3?
False
Let a = 24 - 21. Let h be 92/6 + (-2)/6. Suppose -h = -3*u - a. Is 4 a factor of u?
True
Let k = 328 - 212. Is k a multiple of 13?
False
Suppose -u + 0*u = 0. Suppose -4*b + u*b = -44. Does 3 divide b?
False
Let n be -126*((-21)/6 + 2). Let z = -449 + n. Does 3 divide z/(-28) + 2/(-7)?
True
Suppose 0 = 4*w - 26 + 10. Suppose -w*i - 112 = 60. Let c = -26 - i. Is c a multiple of 17?
True
Suppose 2*g - 3*s - 67 = 0, g - 21 = 2*s + 13. Is 32 a factor of g?
True
Suppose 4*h - d = 3*d + 28, -3*d + 15 = 0. Is h a multiple of 12?
True
Let t = -4 - -6. Suppose -3*d - 2*h + 31 = 0, 3*d + h = -0*d + 32. Suppose -3*f - 31 = -t*l, 3*l + d*f = 6*f + 18. Is 6 a factor of l?
False
Let y(v) = -v + 27 - v**2 - 24 + 13*v. Is 15 a factor of y(9)?
True
Let i be (-24)/(2 + (-33)/12). Let u = 4 - 2. Suppose -5*h - u = -i. Does 3 divide h?
True
Let u(l) = 13*l - 2. Suppose -4 = -p - 3. Let o = p - -1. Does 12 divide u(o)?
True
Let k be (1/3)/(1/9). Suppose k*w - 2*w - 4 = 0. Let p = 9 - w. Is p even?
False
Let a = -2 - -2. Suppose 0*m + 5*m = 5, a = -4*o + 4*m + 20. Does 2 divide o?
True
Let c be 1140/(-27) + 6/27. Let i be 12/c + (-32)/(-14). Suppose i*f = 2 + 2. Does 2 divide f?
True
Let d(n) = n**2 - 7*n - 17. Let a be d(8). Suppose 4*v = 2*f - 102, -2*f + 3*f + 57 = -2*v